1*m(r) + 6*s(r). Determine a(5).
2
Let x(b) = -b**2 + 5*b + 1 - 3 + 3 + 0*b**2 + 0. Suppose 0 = p + z - 1, 2*p + 5*z = 5*p - 27. Give x(p).
5
Let z(q) = -q**2 + q. Suppose 3 = -2*p + 11. Suppose -k + 6*k - p*t - 32 = 0, t = 2*k - 11. Let s be (k + -6)/((-2)/3). Give z(s).
-6
Let j(s) = 8 + 0 - 5 - 2 + 7*s. Let w be j(2). Let i = w - 11. Let b(r) = -r**3 + 3*r**2 + 3*r - 2. Give b(i).
-6
Let j(f) = -11*f - 1. Let h(y) = -5*y - 27. Let d be h(-7). Suppose 3*a + d = 5. Give j(a).
10
Let s = -933 - -936. Let t(a) = a - 8. Let n(z) = 2*z - 7. Let p(h) = -4*n(h) + 3*t(h). Give p(s).
-11
Let u(g) be the third derivative of -g**6/180 + g**4/24 + g**3/3 + 11*g**2. Let c(f) be the first derivative of u(f). Give c(1).
-1
Let u(o) = -2*o - 5. Suppose -5*r - 35 = -3*v, -5*r - 4*v = -0*v + 35. Let p be u(r). Let n(b) = -6*b + p - 3 - 3 - b**2. What is n(-7)?
-4
Suppose 10 = -5*h + 6*h. Suppose 0 = -2*z + 2 + h. Let u be -2*(z/4 + -2). Let b(r) = -16*r - 1. Give b(u).
-17
Let g(t) be the first derivative of 5*t + 10 + 1/2*t**2. What is g(-5)?
0
Let n(h) be the third derivative of h**4/24 + 17*h**3/3 + 10*h**2 + 2*h. What is n(0)?
34
Suppose -5*i + 4*d = 124 - 420, 0 = -2*d - 8. Let k = -59 + i. Let x(u) = -4*u - 3. Give x(k).
9
Let p(j) = -8*j + 6. Let g(b) = b**2 - 4*b + 6. Let f be g(4). Calculate p(f).
-42
Let t(h) = -4*h**2 + 3*h + 4. Let a(n) = 4*n - 1. Let j be a(1). Determine t(j).
-23
Suppose -2*u + 5*l - 4*l - 11 = 0, -3*l = 4*u + 17. Let a(i) = -i**3 - 5*i**2 - 6. Determine a(u).
-6
Let b(h) = -4*h**3 - 26*h**2 - 7*h + 49. Let p(q) = -q**3 - 9*q**2 - 2*q + 16. Let n(w) = -2*b(w) + 7*p(w). Calculate n(11).
14
Let y = 134 + -131. Let z(g) = -4*g**2 + g - 1. Let c(v) = -v**2 - 1. Let h(q) = 2*c(q) - z(q). Give h(y).
14
Let l(o) be the first derivative of -29 - 1/3*o**3 - o + 1/2*o**2. Give l(-4).
-21
Let f(a) = -2*a - 30. Let c(v) = -v**3 + 29*v**2 - 54*v - 14. Let y be c(27). What is f(y)?
-2
Let r(i) = -i - 9. Let c(m) = 2*m**2 + 4*m + 4. Let j be c(-2). Let f be 0 - (-16 - -6)*(-2)/j. What is r(f)?
-4
Let o(q) = 236 + 10*q - 476 - q**2 + q**2 + 233 - q**3 - 10*q**2. Calculate o(-11).
4
Let i(f) = -f**3 - 9*f**2 - 17*f + 10. Let j be i(-6). Let b(u) = -u**2 + 2*u + 1. Determine b(j).
-7
Let m be 108/(-9)*(1 - 8/6). Let f(c) = -m + c**2 - 2 - 5 + 4 - c + c**3. What is f(0)?
-7
Let m(d) = 5*d**3 - 3*d + 2. Let b(l) = -27*l**3 + 15*l - 11. Let p(n) = 2*b(n) + 11*m(n). Determine p(-2).
-2
Suppose -2*p + 4*f = -14, 3*p + 0 = f + 1. Let w be (-4)/((-8)/(-10))*p. Let q(y) = y**2 - 5*y - 3. Determine q(w).
-3
Let o be -12 - (-1)/((-1)/3). Let l be 2*(-4)/24*o. Suppose -2*j + 4*j = -5*f + 1, -11 = l*j - f. Let r(x) = -6*x - 2. Give r(j).
10
Let s = 26 - -16. Let i(d) = d**3 - 40 + d + 78 - 4*d**2 - s. Calculate i(4).
0
Let o = 43 + -48. Let l(q) be the third derivative of -q**5/60 - 5*q**4/24 - q**3/3 + 3*q**2. Let s(d) be the first derivative of l(d). Calculate s(o).
5
Let h(t) = 3*t**3 - 3*t**2 + t + 2. Let c(d) = 2*d**3 - 2*d**2 + 1. Let v(m) = 5*c(m) - 3*h(m). Let a be v(-2). Let y(b) = -b**2 - 7*b - 3. Determine y(a).
-3
Let y(p) = -2*p**3 + 3*p - 3. Let q(u) = -2*u**2 + 7*u + 1. Let d be q(3). Suppose -3*n = -2*t - d*n + 8, t + n - 6 = 0. What is y(t)?
-13
Let y(z) = 5*z - 24. Let k(m) = 2*m - 8. Let o(l) = -8*k(l) + 3*y(l). Suppose 0 = i + 4. Calculate o(i).
-4
Let p = 176 - 154. Suppose -12*f + f + p = 0. Let l(a) = -9*a + 5. Let z(c) = -4*c + 3. Let n(x) = 4*l(x) - 7*z(x). Calculate n(f).
-17
Let y(z) be the second derivative of -z**5/20 - 2*z**4/3 + z**3/3 + z**2/2 - 21*z. Calculate y(-8).
-15
Let x(c) = c**2 - c + 1. Suppose -4 = -2*m - 14, -3*n + 19 = -5*m. Let k be n/9 + 893/171. Let t be k - 1 - (-1 - -4). Give x(t).
1
Let w(j) be the second derivative of j**5/20 - j**4/6 - j**3/2 + 3*j**2 - 5*j. Let k be w(3). Let i(x) = x**3 - 6*x**2 - 2*x + 6. Determine i(k).
-6
Let v(l) = -45*l + 16*l + 25*l + 11*l + l**2 + 2. Determine v(-7).
2
Let i(b) = 3*b + 11. Let n(m) = -2*m + 147. Let r be n(0). Let p = -157 + r. What is i(p)?
-19
Suppose -f = 4*p + 18, 16 = -3*p + 7. Let q(r) = -5*r - 5*r + 5*r - 6 + 4*r. Calculate q(f).
0
Suppose -19*c + 15*c = -24. Let y be ((-4 - c)*1)/(-2). Let z(b) = b**3 - 6*b**2 + 6*b. Determine z(y).
5
Let g(q) = 9*q**2 - 3*q + 4 + 5*q**2 - q**3 - 1 - 18*q**2. Let w = -1 - 2. Give g(w).
3
Let i be (15 - 1)/((-2)/(-12)). Let t be -1*i/(-16) - 1/4. Let p(k) = -k**2 + 8*k - 5. Give p(t).
10
Suppose x - 5 = 0, -7*a + 28 = -4*a + 2*x. Let u(n) = 7*n - a*n + 3 + 0*n. Give u(-3).
0
Let r(d) = -d - 1. Let s be 2/2 + 1*-9. Let z = -112 - -108. Let j be z - (1 + s/4). What is r(j)?
2
Let r(h) = 3*h - 1. Let v be 7*(1 + 0) - 3. Suppose v = 4*m - 4. What is r(m)?
5
Let s(p) = 2*p + 1. Let u(c) = -120 + 49 + 55 - 2*c. Let m be u(-9). Give s(m).
5
Let d(w) = -w**2 + 4*w + 3. Suppose 5*m - l + 23 = -16, -2*l = -m - 15. Let i(f) = 2*f**2 - 7*f - 5. Let y(z) = m*d(z) - 4*i(z). Calculate y(1).
-2
Let f = 25 - 30. Let w(d) = -5*d + 0*d + 1 + d**2 + 3*d + d. Let k(z) = -6*z**2 + 13*z - 12. Let o(a) = f*w(a) - k(a). Calculate o(7).
0
Let w = -193 - -192. Let r(t) = -22*t**2 + t + 1. Calculate r(w).
-22
Let y(i) be the second derivative of i**5/20 - i**4/3 + i**3/2 + 3*i**2/2 - 2*i. Let u be (18/(-4) - -4)*6. Let t be (-38)/(-57) - (10/u - 0). What is y(t)?
15
Let f(w) be the first derivative of 3*w**2/2 - 57. Calculate f(-2).
-6
Let j = -3 - -7. Let l be (j/2)/(5/20). Suppose 1 = 3*u - l. Let b(x) = -x - 2. Determine b(u).
-5
Let f(p) = -p**3 - 7*p**2 + 10*p + 9. Let d(v) = 2*v**2 - v - 1. Let q(l) = 6*d(l) + f(l). Give q(-3).
63
Let x = -1 - -5. Let r = -1 + x. Let c(q) = -5*q**3 - r*q**2 - 4*q - 2 + 4*q**3 - 3*q + 5*q. Determine c(-2).
-2
Let q(x) = x**2 + 1 + x**3 - 7*x - 12*x + 18*x. Let a(o) = 4*o**3 + 2*o**2 - 5*o + 4. Let v(z) = a(z) - 5*q(z). Give v(-3).
-1
Let k(r) be the first derivative of -r**4/4 + 4*r**3/3 + 3*r**2/2 - 4*r - 1. Suppose -17*q = -113 + 28. What is k(q)?
-14
Let c(x) = -13*x**2 - 5*x + 5*x + 14*x**2 + 0*x + 2*x. Determine c(-1).
-1
Let x(t) be the first derivative of -t**4/24 + 2*t**3/3 + t**2 + 2. Let q(h) be the second derivative of x(h). Suppose -1 = 7*b - 22. What is q(b)?
1
Let r be -3 - 0 - (-25)/(250/80). Let k(l) = -l**3 + 10*l**2 - 7*l + 1. Let c(b) = -2*b**3 + 21*b**2 - 15*b + 2. Let p(u) = -4*c(u) + 9*k(u). What is p(r)?
11
Let u = 3598 + -3603. Suppose -3*k + 1 + 5 = 0. Let t(s) = s**3 + 5*s**2 + 4 + 0*s**3 + k - 2*s. Calculate t(u).
16
Let m(r) be the first derivative of -r**4/12 + r**3 + 3*r**2/2 + 2. Let v(w) be the second derivative of m(w). Determine v(5).
-4
Suppose -n - 84*z + 7 = -80*z, -3*n = 2*z + 9. Let t(x) = 3*x + 25. Give t(n).
10
Let u(o) = -o**3 + 6*o**2 + 7*o - 4. Suppose 175*m - 152*m = 161. What is u(m)?
-4
Let s(a) = 6*a**3 - 4*a**2 - 3*a + 7. Let d(v) = v**3 - v + 1. Let c = 23 - 28. Let l(y) = c*d(y) + s(y). Let j be (-32)/(-12) - 1/(-3). Calculate l(j).
-1
Let w(d) = -d - 4. Let h(o) = 4*o - 16. Suppose 0 = 5*m - 5, 0 = -0*j - j + m + 9. Let q(a) = a - 6. Let s be q(j). Let c be h(s). What is w(c)?
-4
Let l = -177 + 174. Let z(p) = -p**2 - 4*p + 2. Give z(l).
5
Let x be 1*(-48)/30*(0 - 5). Let v(g) = g**2 - 7*g - 7. Calculate v(x).
1
Let u(n) = 4*n**2 + 4 - 4*n + 2*n**2 - 7*n**2. Calculate u(-6).
-8
Let b(y) = -y + 8. Let w be (-693)/54 - (0 + 5/30). Determine b(w).
21
Let c be ((-32)/12)/(((-40)/(-15))/(-8)). Let x(j) = 9*j - 69. Calculate x(c).
3
Suppose 0 = -2*t + 4*t. Suppose t = -61*c + 65*c - 4. Let y(k) = 21*k**3 - 2*k**2 + 2*k - 1. Determine y(c).
20
Suppose -3*q = 33 + 30. Let p be 1/(-3)*q + (-1 - 1). Let m(i) = -i**2 + 4*i + 5. Determine m(p).
0
Suppose -5*v - 65 - 25 = 0. Let a = 14 + v. Let t = -6 - a. Let f(o) = -9*o. Determine f(t).
18
Let c(p) be the first derivative of -7*p**4/4 - 2*p**3/3 - p**2/2 - 73. What is c(-1)?
6
Let x(m) = 2*m - 16. Suppose 0 = 9*u - 103 + 40. Give x(u).
-2
Let v(b) = -6 - 2*b - b + 9 + 3. Suppose 0 = -3*k + k - 2*l - 2, 0 = k - 4*l - 14. Let y be k/8 + (-76)/(-16). Calculate v(y).
-9
Let g(y) = -y**3 - 13*y**2 - 13*y - 5. Let c(f) = -25*f - 312. Let n be c(-12). Calculate g(n).
7
Let g(r) = 18*r - 26. Let d be g(2). Let k(b) = b**3 - 11*b**2 + 9*b + 12. Give k(d).
2
Let h(j) = -j**3 + 9*j**2 + j - 6. Let m be h(9). Let r(c) = 3*c**2 + 